{"id":519,"date":"2024-08-24T20:45:42","date_gmt":"2024-08-25T00:45:42","guid":{"rendered":"https:\/\/www.contadores8varegion.cl\/?page_id=519"},"modified":"2024-10-21T21:58:21","modified_gmt":"2024-10-22T01:58:21","slug":"comite-local-canete","status":"publish","type":"page","link":"https:\/\/www.contadores8varegion.cl\/index.php\/comite-local-canete\/","title":{"rendered":"Comit\u00e9 Local Ca\u00f1ete"},"content":{"rendered":"\n<div class=\"wp-block-media-text is-stacked-on-mobile\"><figure class=\"wp-block-media-text__media\"><img loading=\"lazy\" decoding=\"async\" width=\"1024\" height=\"871\" src=\"https:\/\/www.contadores8varegion.cl\/wp-content\/uploads\/2024\/10\/Directivas-Canete-1024x871.jpg\" alt=\"\" class=\"wp-image-1014 size-full\" srcset=\"https:\/\/www.contadores8varegion.cl\/wp-content\/uploads\/2024\/10\/Directivas-Canete-1024x871.jpg 1024w, https:\/\/www.contadores8varegion.cl\/wp-content\/uploads\/2024\/10\/Directivas-Canete-300x255.jpg 300w, https:\/\/www.contadores8varegion.cl\/wp-content\/uploads\/2024\/10\/Directivas-Canete-768x653.jpg 768w, https:\/\/www.contadores8varegion.cl\/wp-content\/uploads\/2024\/10\/Directivas-Canete-1536x1307.jpg 1536w, https:\/\/www.contadores8varegion.cl\/wp-content\/uploads\/2024\/10\/Directivas-Canete-2048x1743.jpg 2048w\" sizes=\"auto, (max-width: 1024px) 100vw, 1024px\" \/><\/figure><div class=\"wp-block-media-text__content\">\n<p><strong>Presidente<\/strong>: Di\u00f3genes Ram\u00f3n Pe\u00f1a Poblete\u00a0<\/p>\n\n\n\n<p><strong>Secretaria<\/strong>: Petronila Paulina Salazar Cruces<\/p>\n\n\n\n<p><strong>Tesorero<\/strong>: Luis Alberto Vivanco Jofr\u00e9<\/p>\n\n\n\n<p><strong>Director<\/strong>: N\u00e9stor Enrique Garc\u00e9s Fern\u00e1ndez<\/p>\n\n\n\n<p><\/p>\n<\/div><\/div>\n","protected":false},"excerpt":{"rendered":"<p>Presidente: Di\u00f3genes Ram\u00f3n Pe\u00f1a Poblete\u00a0 Secretaria: Petronila Paulina Salazar Cruces Tesorero: Luis Alberto Vivanco Jofr\u00e9 Director: N\u00e9stor Enrique Garc\u00e9s Fern\u00e1ndez<\/p>\n","protected":false},"author":1,"featured_media":0,"parent":0,"menu_order":0,"comment_status":"closed","ping_status":"closed","template":"","meta":{"footnotes":""},"class_list":["post-519","page","type-page","status-publish","hentry"],"blocksy_meta":[],"_links":{"self":[{"href":"https:\/\/www.contadores8varegion.cl\/index.php\/wp-json\/wp\/v2\/pages\/519","targetHints":{"allow":["GET"]}}],"collection":[{"href":"https:\/\/www.contadores8varegion.cl\/index.php\/wp-json\/wp\/v2\/pages"}],"about":[{"href":"https:\/\/www.contadores8varegion.cl\/index.php\/wp-json\/wp\/v2\/types\/page"}],"author":[{"embeddable":true,"href":"https:\/\/www.contadores8varegion.cl\/index.php\/wp-json\/wp\/v2\/users\/1"}],"replies":[{"embeddable":true,"href":"https:\/\/www.contadores8varegion.cl\/index.php\/wp-json\/wp\/v2\/comments?post=519"}],"version-history":[{"count":5,"href":"https:\/\/www.contadores8varegion.cl\/index.php\/wp-json\/wp\/v2\/pages\/519\/revisions"}],"predecessor-version":[{"id":1018,"href":"https:\/\/www.contadores8varegion.cl\/index.php\/wp-json\/wp\/v2\/pages\/519\/revisions\/1018"}],"wp:attachment":[{"href":"https:\/\/www.contadores8varegion.cl\/index.php\/wp-json\/wp\/v2\/media?parent=519"}],"curies":[{"name":"wp","href":"https:\/\/api.w.org\/{rel}","templated":true}]}}